hat are the prime factors of 2312?
2, 17
What are the prime factors of 1128?
2, 3, 47
List the prime factors of 141321.
3, 17, 163
List the prime factors of 17362.
2, 8681
List the prime factors of 341.
11, 31
What are the prime factors of 153747?
3, 11, 1553
What are the prime factors of 163?
163
List the prime factors of 9890.
2, 5, 23, 43
What are the prime factors of 136036?
2, 71, 479
List the prime factors of 1209.
3, 13, 31
List the prime factors of 29462.
2, 14731
What are the prime factors of 81677?
81677
List the prime factors of 8900.
2, 5, 89
List the prime factors of 4917.
3, 11, 149
What are the prime factors of 690?
2, 3, 5, 23
What are the prime factors of 2541?
3, 7, 11
List the prime factors of 5777.
53, 109
What are the prime factors of 1235?
5, 13, 19
What are the prime factors of 20083?
7, 19, 151
What are the prime factors of 1547?
7, 13, 17
What are the prime factors of 15491?
7, 2213
What are the prime factors of 30741?
3, 10247
List the prime factors of 871.
13, 67
List the prime factors of 91906.
2, 45953
What are the prime factors of 28457?
11, 13, 199
What are the prime factors of 2577?
3, 859
What are the prime factors of 216?
2, 3
What are the prime factors of 7962?
2, 3, 1327
What are the prime factors of 6068?
2, 37, 41
What are the prime factors of 6689?
6689
What are the prime factors of 4287?
3, 1429
What are the prime factors of 62303?
62303
What are the prime factors of 49?
7
List the prime factors of 3113.
11, 283
List the prime factors of 83998.
2, 41999
What are the prime factors of 934?
2, 467
List the prime factors of 12694.
2, 11, 577
What are the prime factors of 71913?
3, 23971
What are the prime factors of 3120?
2, 3, 5, 13
What are the prime factors of 3142?
2, 1571
What are the prime factors of 24933?
3, 8311
What are the prime factors of 30869?
30869
What are the prime factors of 83937?
3, 7, 571
What are the prime factors of 48?
2, 3
List the prime factors of 1783.
1783
What are the prime factors of 3270?
2, 3, 5, 109
What are the prime factors of 3137?
3137
List the prime factors of 9686.
2, 29, 167
What are the prime factors of 2927?
2927
List the prime factors of 22890.
2, 3, 5, 7, 109
List the prime factors of 15127.
7, 2161
What are the prime factors of 892?
2, 223
What are the prime factors of 189?
3, 7
List the prime factors of 2985.
3, 5, 199
List the prime factors of 46237.
46237
What are the prime factors of 100?
2, 5
List the prime factors of 22945.
5, 13, 353
What are the prime factors of 1090?
2, 5, 109
List the prime factors of 3020.
2, 5, 151
List the prime factors of 22917.
3, 7639
List the prime factors of 29921.
29921
List the prime factors of 2473.
2473
What are the prime factors of 763?
7, 109
What are the prime factors of 497?
7, 71
What are the prime factors of 1527?
3, 509
List the prime factors of 1231.
1231
What are the prime factors of 446?
2, 223
List the prime factors of 2308.
2, 577
What are the prime factors of 1732?
2, 433
What are the prime factors of 6068?
2, 37, 41
List the prime factors of 98665.
5, 7, 2819
What are the prime factors of 11376?
2, 3, 79
What are the prime factors of 1067?
11, 97
What are the prime factors of 5525?
5, 13, 17
What are the prime factors of 9198?
2, 3, 7, 73
What are the prime factors of 41075?
5, 31, 53
What are the prime factors of 1160?
2, 5, 29
List the prime factors of 509.
509
List the prime factors of 30275.
5, 7, 173
What are the prime factors of 5109?
3, 13, 131
List the prime factors of 79558.
2, 39779
What are the prime factors of 958?
2, 479
List the prime factors of 67.
67
List the prime factors of 102648.
2, 3, 7, 13, 47
List the prime factors of 69748.
2, 7, 47, 53
List the prime factors of 2073.
3, 691
What are the prime factors of 3453?
3, 1151
What are the prime factors of 8626?
2, 19, 227
List the prime factors of 4049.
4049
List the prime factors of 1606.
2, 11, 73
List the prime factors of 3273.
3, 1091
What are the prime factors of 15879?
3, 67, 79
What are the prime factors of 100183?
100183
List the prime factors of 1141.
7, 163
What are the prime factors of 21831?
3, 19, 383
List the prime factors of 27065.
5, 5413
What are the prime factors of 15857?
101, 157
What are the prime factors of 2888?
2, 19
List the prime factors of 13503.
3, 7, 643
What are the prime factors of 21446?
2, 10723
What are the prime factors of 1662?
2, 3, 277
What are the prime factors of 1064?
2, 7, 19
What are the prime factors of 479?
479
List the prime factors of 59376.
2, 3, 1237
What are the prime factors of 23046?
2, 3, 23, 167
List the prime factors of 59272.
2, 31, 239
List the prime factors of 38826.
2, 3, 719
What are the prime factors of 2698?
2, 19, 71
What are the prime factors of 1176?
2, 3, 7
List the prime factors of 315.
3, 5, 7
List the prime factors of 1404.
2, 3, 13
What are the prime factors of 6670?
2, 5, 23, 29
What are the prime factors of 1037?
17, 61
What are the prime factors of 28981?
73, 397
List the prime factors of 925.
5, 37
What are the prime factors of 1918?
2, 7, 137
List the prime factors of 1882.
2, 941
List the prime factors of 542.
2, 271
What are the prime factors of 8219?
8219
List the prime factors of 574.
2, 7, 41
List the prime factors of 817.
19, 43
What are the prime factors of 11451?
3, 11, 347
List the prime factors of 797.
797
List the prime factors of 7433.
7433
List the prime factors of 12019.
7, 17, 101
What are the prime factors of 17180?
2, 5, 859
What are the prime factors of 3019?
3019
List the prime factors of 1543.
1543
What are the prime factors of 4901?
13, 29
List the prime factors of 3268.
2, 19, 43
What are the prime factors of 337?
337
List the prime factors of 3282.
2, 3, 547
List the prime factors of 11911.
43, 277
What are the prime factors of 1664?
2, 13
What are the prime factors of 65933?
7, 9419
List the prime factors of 8926.
2, 4463
What are the prime factors of 2083?
2083
What are the prime factors of 1039?
1039
What are the prime factors of 82699?
82699
What are the prime factors of 1722?
2, 3, 7, 41
What are the prime factors of 17896?
2, 2237
What are the prime factors of 998?
2, 499
What are the prime factors of 958?
2, 479
What are the prime factors of 1303?
1303
What are the prime factors of 1167?
3, 389
What are the prime factors of 27910?
2, 5, 2791
List the prime factors of 4253.
4253
List the prime factors of 1115.
5, 223
What are the prime factors of 5793?
3, 1931
List the prime factors of 14508.
2, 3, 13, 31
What are the prime factors of 10330?
2, 5, 1033
What are the prime factors of 4975?
5, 199
List the prime factors of 1138.
2, 569
What are the prime factors of 897?
3, 13, 23
What are the prime factors of 47300?
2, 5, 11, 43
What are the prime factors of 2190?
2, 3, 5, 73
List the prime factors of 5800.
2, 5, 29
What are the prime factors of 1377?
3, 17
What are the prime factors of 828?
2, 3, 23
What are the prime factors of 259?
7, 37
What are the prime factors of 59670?
2, 3, 5, 13, 17
What are the prime factors of 2569?
7, 367
What are the prime factors of 28127?
11, 2557
List the prime factors of 1285.
5, 257
List the prime factors of 161243.
383, 421
What are the prime factors of 189088?
2, 19, 311
List the prime factors of 5179.
5179
What are the prime factors of 13927?
19, 733
What are the prime factors of 7809?
3, 19, 137
List the prime factors of 8675.
5, 347
What are the prime factors of 41410?
2, 5, 41, 101
What are the prime factors of 225?
3, 5
List the prime factors of 24910.
2, 5, 47, 53
What are the prime factors of 46301?
46301
List the prime factors of 1389.
3, 463
What are the prime factors of 31029?
3, 10343
List the prime factors of 90.
2, 3, 5
List the prime factors of 41192.
2, 19, 271
List the prime factors of 5002.
2, 41, 61
What are the prime factors of 67203?
3, 19, 131
List the prime factors of 517.
11, 47
What are the prime factors of 10653?
3, 53, 67
List the prime factors of 3643.
3643
What are the prime factors of 8230?
2, 5, 823
List the prime factors of 6376.
2, 797
What are the prime factors of 1917?
3, 71
What are the prime factors of 1360?
2, 5, 17
List the prime factors of 28508.
2, 7127
List the prime factors of 264.
2, 3, 11
List the prime factors of 678.
2, 3, 113
List the prime factors of 1222.
2